r of 8074 and 21274?
22
What is the highest common divisor of 97772402 and 644?
322
Calculate the highest common divisor of 729738 and 39618.
1278
What is the highest common factor of 41 and 18669678?
41
What is the greatest common factor of 290348348 and 155324?
11948
Calculate the highest common factor of 351119475 and 315.
315
What is the greatest common divisor of 6592145 and 76?
19
What is the highest common factor of 1989 and 6406875?
153
Calculate the greatest common factor of 56181074 and 188.
94
What is the highest common factor of 2521859 and 6044?
1511
What is the greatest common divisor of 50681 and 24793317?
859
Calculate the highest common factor of 24002 and 35024.
22
Calculate the greatest common divisor of 134 and 176136166.
134
What is the highest common factor of 1341 and 73136799?
1341
What is the highest common factor of 130284 and 2399256?
1692
What is the greatest common divisor of 74 and 367188?
74
Calculate the highest common divisor of 204 and 102129999.
51
Calculate the greatest common factor of 355540482 and 1122.
1122
Calculate the greatest common divisor of 5160798 and 72.
18
Calculate the greatest common factor of 4572 and 23730458.
254
Calculate the highest common factor of 150 and 478926825.
75
What is the highest common factor of 3076228 and 8?
4
Calculate the highest common divisor of 3252780 and 4896.
612
What is the highest common factor of 69621 and 50?
1
What is the greatest common factor of 176 and 51147536?
176
What is the greatest common factor of 189 and 46635561?
189
Calculate the highest common factor of 1763 and 176751.
41
What is the highest common divisor of 52913930 and 4?
2
What is the greatest common factor of 8225 and 150976175?
175
What is the highest common factor of 36 and 1748610?
18
What is the greatest common divisor of 401104524 and 549?
183
Calculate the highest common factor of 37025707 and 11938.
5969
Calculate the highest common factor of 249068 and 2950228.
3508
What is the greatest common factor of 82227 and 2316?
3
What is the greatest common factor of 75 and 167283?
3
Calculate the highest common divisor of 15575 and 3778050.
2225
Calculate the highest common divisor of 8358424 and 17425.
697
Calculate the greatest common factor of 8099 and 23315864.
1157
What is the highest common divisor of 8112 and 30440280?
4056
Calculate the greatest common factor of 1220 and 13317764.
244
What is the highest common factor of 3801116 and 132?
44
Calculate the greatest common divisor of 1042570 and 250.
10
Calculate the highest common divisor of 7650500 and 975.
325
Calculate the highest common factor of 18 and 51552882.
18
Calculate the highest common factor of 1971039 and 1410.
141
What is the highest common divisor of 9408 and 9579696?
2352
What is the greatest common factor of 37169781 and 264?
33
What is the greatest common divisor of 395387 and 444316?
113
Calculate the greatest common divisor of 4650450 and 1400.
350
What is the highest common factor of 27213 and 21103?
47
What is the greatest common factor of 1785 and 3088533?
21
Calculate the greatest common factor of 77233494 and 6.
6
Calculate the greatest common divisor of 278797 and 325823.
3359
What is the greatest common factor of 700735 and 560?
35
What is the greatest common divisor of 826433 and 584?
73
Calculate the highest common factor of 108 and 31185612.
36
What is the highest common factor of 134 and 45307343?
67
Calculate the greatest common divisor of 16882 and 154502596.
734
What is the greatest common divisor of 482913381 and 4107?
4107
What is the highest common divisor of 739726156 and 52?
52
Calculate the highest common divisor of 68946132 and 636.
12
What is the greatest common factor of 154143 and 182303?
11
What is the greatest common divisor of 91 and 231334571?
13
What is the highest common factor of 54133552 and 220?
44
What is the highest common divisor of 63920 and 14130128?
272
What is the greatest common factor of 346 and 31685642?
346
Calculate the greatest common factor of 3 and 11814288.
3
Calculate the greatest common divisor of 176394545 and 5.
5
Calculate the greatest common divisor of 152 and 2180573.
19
Calculate the greatest common divisor of 17279 and 123247.
37
Calculate the highest common divisor of 2202 and 897942570.
2202
Calculate the highest common divisor of 777815500 and 55.
55
Calculate the greatest common factor of 372 and 6997332.
12
What is the greatest common divisor of 24128 and 15660?
116
What is the highest common factor of 172 and 2508764?
4
What is the greatest common divisor of 5719700 and 6300?
700
Calculate the highest common divisor of 900 and 11452410.
90
Calculate the highest common divisor of 5394 and 5520498.
174
What is the highest common divisor of 24 and 10628940?
12
What is the greatest common divisor of 4459 and 6264349?
91
Calculate the greatest common factor of 142 and 41076411.
71
Calculate the greatest common factor of 2646 and 6849171.
1323
Calculate the greatest common divisor of 48550962 and 138.
6
What is the highest common factor of 142 and 22748826?
142
What is the highest common divisor of 6529028 and 814?
22
Calculate the highest common divisor of 79784988 and 12.
12
What is the highest common factor of 265516878 and 66?
66
What is the highest common factor of 83391 and 54663?
399
Calculate the highest common factor of 249 and 20823206.
83
Calculate the highest common divisor of 67127 and 92131.
19
Calculate the highest common factor of 439000 and 925.
25
Calculate the highest common divisor of 2745330 and 1931370.
3570
Calculate the greatest common divisor of 58993 and 15128.
31
What is the highest common divisor of 55275 and 102218550?
5025
What is the greatest common divisor of 801 and 54765171?
801
What is the highest common divisor of 21512085 and 248009?
10783
What is the highest common divisor of 11687 and 66149?
29
What is the greatest common factor of 300 and 20997240?
60
Calculate the greatest common factor of 369585 and 16770.
645
What is the highest common divisor of 1098315 and 125?
5
Calculate the greatest common divisor of 12 and 1437241632.
12
Calculate the greatest common factor of 23340099 and 14313.
1101
What is the highest common divisor of 1579720 and 54020?
1460
Calculate the greatest common divisor of 791 and 6679603.
7
Calculate the greatest common factor of 3439432 and 200.
8
What is the highest common factor of 3115547 and 134179?
109
What is the highest common factor of 2550 and 38133975?
1275
What is the highest common factor of 50 and 44154350?
50
What is the greatest common factor of 344014 and 2926?
418
What is the highest common factor of 3959068 and 95?
19
Calculate the highest common divisor of 36 and 9060498.
18
Calculate the highest common divisor of 24 and 70022040.
24
Calculate the greatest common factor of 444 and 9462084.
444
Calculate the highest common factor of 2085388 and 13952.
436
What is the greatest common factor of 6312235 and 9039?
3013
What is the greatest common factor of 9032147 and 3176?
397
What is the highest common factor of 9451435 and 24025?
4805
Calculate the greatest common divisor of 2528 and 126551443.
79
Calculate the highest common divisor of 97153544 and 9320.
1864
What is the highest common divisor of 3828 and 11139161?
319
Calculate the highest common divisor of 256955424 and 108702.
4026
Calculate the highest common divisor of 166165965 and 12.
3
Calculate the highest common divisor of 89528 and 103261.
31
What is the greatest common factor of 15548 and 699829?
169
What is the highest common divisor of 960 and 6573760?
320
Calculate the highest common divisor of 1149 and 44971094.
383
Calculate the greatest common factor of 13200 and 187765050.
1650
What is the highest common factor of 4195334 and 209?
11
Calculate the highest common divisor of 60976 and 6184.
8
Calculate the greatest common factor of 14528280 and 15568.
1112
Calculate the highest common divisor of 105309 and 22977.
9
What is the greatest common factor of 2070 and 3524512410?
2070
What is the highest common factor of 17097 and 1190517?
123
What is the highest common factor of 561 and 1002507?
561
Calculate the highest common divisor of 2192 and 2559434.
274
What is the highest common factor of 224 and 2666907